t v be o(1). What is the tens digit of (v - -37) + (-1 - -3)?
4
Suppose -2*o - 23 = -3*o. What is the tens digit of o?
2
Suppose 2*j + 6 = 5*j. Let u(c) = -1 - c - j*c - 3. What is the units digit of u(-3)?
5
Suppose -4*f + 38 = 2. What is the units digit of ((-40)/(-6))/(6/f)?
0
What is the units digit of (-62)/(-3)*(-18)/(-12)?
1
Let p = -2 + 4. Suppose f = -p*s - 2*s + 1, -3*f = s - 3. Let d(g) = -g**3 + g**2 + g + 6. What is the units digit of d(s)?
6
Suppose v - 3 + 2 = 0. Let q = v + -8. What is the units digit of 1/(-2) + q/(-2)?
3
Suppose -3*z + 8*z - s - 26 = 0, s - 28 = -4*z. What is the units digit of z?
6
Suppose f - 2*f = -5*a + 7, 0 = -2*f - 5*a + 1. Let q = -3 - -2. What is the units digit of 3*(q - f) + 2?
5
What is the units digit of (26 - (-4)/(-2)) + 2?
6
What is the units digit of 2 - (3 - (-29)/(-1))?
8
Let j(c) = 4*c**3 - 4*c**2 - 2*c + 2. Let g be j(3). Suppose -19 = -z - 3*s + 11, 3*z - 2*s - g = 0. What is the units digit of z?
4
Suppose 5*d - 3 - 47 = 0. Suppose -5*x = -105 - d. What is the tens digit of x?
2
Suppose -5*z = 37 - 407. What is the tens digit of z?
7
Suppose 62 = 5*m + u, -3*u - 35 = -2*m - 0*m. What is the units digit of -3 + m + 0/1?
0
Let q(r) = -r - 2. Suppose 0 = -6*p + 3*p - 24. What is the units digit of q(p)?
6
Let w be (-60)/21 - (-2)/(-14). Let i(y) = 2*y**2 + y + 2. What is the tens digit of i(w)?
1
Let h(l) = l**2 + 12*l - 1. Let r be h(-11). Suppose -2*w - 17 = 27. Let p = r - w. What is the tens digit of p?
1
Let i = -26 + 30. Suppose -5*j + 66 = -l - 24, i*j - 72 = -l. What is the tens digit of j?
1
Suppose 2*g = -4*o - 0*o - 16, 5*g + 2*o = 0. Suppose -2*r - 3*l = -7*l - 38, g*l - 4 = 0. What is the units digit of r?
3
Suppose 0*z + 5*z = -250. What is the units digit of 6/27 + z/(-18)?
3
Let c be 1 + 8 + -6 + 6. Suppose o = -3*h + 4*o - c, -6 = -h - 2*o. Suppose -4*w - a + 3 + 5 = h, 3*w + 2*a = 1. What is the units digit of w?
3
Suppose 33 = -6*i + 1119. What is the units digit of i?
1
Let g(z) = z**3 + 9*z**2 + 8*z + 10. What is the units digit of g(-7)?
2
What is the units digit of 4/22 - 258/(-33)?
8
Suppose h - 2 + 0 = 0. Suppose -3*q + o = -o - h, 5*q = -o - 1. Suppose 0*s = -2*m - s + 17, -s - 5 = q. What is the units digit of m?
1
Let f = -3 - -6. Suppose f*k + 5*s - 9 = 0, -2*k = -k + 5*s - 3. Suppose c - 37 = -k*w, 4*w - 6*w - 5*c + 42 = 0. What is the units digit of w?
1
What is the tens digit of ((-2)/8*39)/(3/(-48))?
5
Let i = 0 - -20. Suppose 2*t - 7*t - i = 0. What is the units digit of (t - -1)/(2/(-8))?
2
Let c = -28 - 21. Let j = -28 - c. What is the tens digit of j?
2
Let w = -6 + 1. Let a = 8 + w. Suppose -s + 2*r = -3, -r = 2*s + a*s - 15. What is the units digit of s?
3
Let f = 12 - 18. What is the tens digit of 38 - f/((-4)/2)?
3
Suppose -6*n + 570 = -3*n. What is the tens digit of n?
9
Let o = -2 + 4. Suppose -5*g = -4*g - 5*v - 28, o*g + 4*v = -14. What is the units digit of (-3)/g + (-2 - -7)?
4
Suppose -5*t + 11*t - 120 = 0. What is the units digit of t?
0
Suppose 5*p + 140 - 360 = 2*u, -3*p + 4*u = -118. What is the tens digit of p?
4
Let x(w) = -w**3 - 3*w**2 - 2*w - 2. Let t be x(-3). What is the units digit of 3 - ((4 - t) + 0)?
3
Let m = 125 - 84. What is the tens digit of m?
4
Let k = -67 - -47. Let n = 10 + k. Let v = n + 23. What is the units digit of v?
3
What is the hundreds digit of (-311)/(-1) - (-7 + 8)?
3
Let h be -12*(-2)/12*-3. Let a be (-20)/h - 2/(-3). Suppose 4*y + 24 = a*u, -5*u + 8 + 30 = 3*y. What is the units digit of u?
7
Let k(g) be the third derivative of -1/24*g**4 + 0*g - 1/6*g**3 - g**2 + 0. What is the units digit of k(-3)?
2
Let v(f) = -f**3 - 6*f**2 + 7*f - 4. Let m be v(-7). Let b = 9 + m. Suppose -3 = -b*t + 2. What is the units digit of t?
1
Let n(g) = g**3 - 3*g + 1. Let f be n(2). Suppose v - 21 = -0*r - r, 48 = f*v - 2*r. What is the units digit of v?
8
Let t(u) = 3*u + 17 - 10*u**2 + 9*u**2 + u + 2*u. What is the units digit of t(8)?
1
Let m be (-34)/(-10) - 6/15. What is the units digit of (-3 + 1)/((-1)/m)?
6
What is the units digit of ((-24)/(-7))/(26/273)?
6
Let x(y) = -y**3 + 11*y**2 - 9*y + 5. What is the tens digit of x(10)?
1
Suppose 0 = -3*l + 400 + 77. Suppose 11 - l = -4*z. What is the tens digit of z?
3
Suppose 3*s - 20 = -s. Suppose -1 = 4*k - s. What is the units digit of k?
1
What is the units digit of -1 - 1 - -71*(7 - 6)?
9
Let a = 79 + -4. What is the tens digit of a?
7
Let v(a) = a**3 - 5*a**2 - 10*a + 9. Let o be v(6). Let y be (-3)/5 - 69/o. Suppose 0 = 5*l + m - 68, -y*l + 2*m = -2*m - 40. What is the tens digit of l?
1
Suppose 3*k + 22 = w - 12, 4*w - 108 = -2*k. Let p = 42 - w. Suppose 10 = 2*g - p. What is the units digit of g?
2
Suppose -53 = -b - 8. What is the tens digit of b?
4
Let v = 4 - 4. Suppose v = 3*a - 2*a. Suppose a = -3*r - 13 + 67. What is the units digit of r?
8
Suppose -6*a - 3 = -3*a. What is the units digit of a/4 - (-98)/8?
2
Let w(d) = d**3 + 5*d**2 + 2*d + 7. Let k be w(-5). What is the tens digit of -1 + -1 + 22 + k?
1
Let i(d) = 2*d + 1. Let s be i(2). Suppose 3*m = -p + 149, -s*m + 2*p + 2*p + 237 = 0. What is the units digit of m?
9
Let b(m) = m - 5. Let r be b(4). What is the tens digit of r - 19*(0 + -1)?
1
Let b = 12 + 37. What is the tens digit of b?
4
Let r = -82 - -122. What is the tens digit of r?
4
Let v(f) = f**3 - 6*f**2 - 2*f + 6. Let y be v(6). Let s = -20 - y. What is the units digit of 4/s + 9/7?
1
Suppose -8*u + 5*i - 15 = -4*u, 0 = -2*u - 2*i + 6. Suppose o + 1 = -4*h, -3*o + u*h = -h - 10. Let p = -2 + o. What is the units digit of p?
1
Suppose 3*s + 13 = 5*o, 2*s + o = 3*o - 2. Suppose 5*p - 4*t = 28, s*p - 10 - 25 = -t. What is the units digit of p?
8
Suppose -26*q = -31*q + 745. What is the hundreds digit of q?
1
Let y(z) = -z**2 - 2*z + 1. Suppose 10 = 5*x - 5. Suppose -x*m + o - 3*o = 8, 2*m + 3 = o. What is the units digit of y(m)?
1
Suppose -4*f = -9*f + 60. Suppose f = 3*j - 15. What is the units digit of j?
9
Let x = 5 + -8. What is the units digit of ((-2)/x)/((-4)/(-6))?
1
Suppose 5*q = -c + 100, -q + 344 = 3*c + 3*q. What is the hundreds digit of c?
1
Let z(o) = 3*o + 1. Let s be z(5). Suppose 5*v = s + 9. Let y = 13 - v. What is the units digit of y?
8
Let x = 4 - 2. Let y be (-2)/((-1)/(x - 1)). Suppose -y*b = 3*v - 25, v - 30 = -3*b - 2*b. What is the units digit of v?
5
Let w = 23 - 28. What is the tens digit of (-96)/w + 16/20?
2
Let b = 2 - 0. Suppose z - b*z = 9. Let k = -4 - z. What is the units digit of k?
5
Let h(q) = -q**2 + q - 4. Let w be h(0). What is the units digit of ((-5)/w)/(1/4)?
5
Suppose -50 = -9*g + 4*g. What is the units digit of g?
0
Let y be (-40)/(-12)*(-6)/(-5). Let t be 6/y - (-9)/(-6). Suppose t = g - 5 - 2. What is the units digit of g?
7
Suppose 3*v - 10 = 2*u, 0*u = -4*v - 3*u - 15. Suppose -5*w + 16 = 4*q, -3*w + 4 = q - v*q. Suppose -z + w = -3. What is the units digit of z?
3
Let w be ((-10)/(-6))/(3/(-27)). Let z = 23 + w. Let x = -5 + z. What is the units digit of x?
3
Let l = 17 + -5. Suppose 4*w - 4 = l. What is the units digit of w?
4
Suppose -2*f + 6 = -4*z, -2*f - 1 + 0 = 3*z. Suppose 12 = u + 4*o - f, 2*u - o - 8 = 0. Suppose -33 = -u*c - 3. What is the units digit of c?
6
Let t be ((-2)/(-5))/((-3)/(-15)). Let g = -1 + t. Let z = g - -7. What is the units digit of z?
8
Let c = 391 - 273. What is the units digit of c?
8
Let v = 77 + -36. What is the tens digit of v?
4
Let v(d) = -d**3 + 13*d**2 + d + 6. Let b be (-1)/(-4) + (-114)/8. Let s be (-6)/21 + (-186)/b. What is the units digit of v(s)?
9
Let x(a) = -2*a + 4. Let q be x(-3). Let h(u) = -u**2 + 0*u**2 + 2*u**2 + q + 11*u. What is the units digit of h(-11)?
0
Suppose -i - 1 = -2. Suppose c = 5*a - 13 - i, 3*a = 5*c + 26. What is the units digit of 1 + 18/4*a?
0
What is the units digit of (8/10)/(1/120)?
6
Let v(q) = 13*q - 10. What is the tens digit of v(4)?
4
Let a(i) = 3*i**2 - 4. Let g be a(5). Suppose g = 3*v + 2. What is the tens digit of v?
2
What is the tens digit of (1/(-3))/((-8)/1632)?
6
Let b(m) = m**3 - 19*m**2 + 7*m + 16. What is the hundreds digit of b(19)?
1
Suppose 5*m = 3*x + 32, -5*x - 4 = m + 12. Suppose -5*s = -4*p + 36, -m*s - 9 = -p - 5*s. What is the units digit of p?
9
Let c be ((-1)/(-2))/(1/6). Let i be c*(10/6 + -